{"id":19340,"date":"2024-06-21T14:13:32","date_gmt":"2024-06-21T13:13:32","guid":{"rendered":"http:\/\/somosmultiples.es\/?page_id=19340"},"modified":"2024-06-21T14:26:05","modified_gmt":"2024-06-21T13:26:05","slug":"home","status":"publish","type":"page","link":"https:\/\/somosmultiples.es\/","title":{"rendered":"Inicio"},"content":{"rendered":"<div class='ctx-module-container ctx_default_placement ctx-clearfix'><\/div><span class=\"ctx-article-root\"><!-- --><\/span>","protected":false},"excerpt":{"rendered":"","protected":false},"author":1,"featured_media":0,"parent":0,"menu_order":0,"comment_status":"closed","ping_status":"closed","template":"","meta":{"jetpack_post_was_ever_published":false,"footnotes":""},"class_list":["post-19340","page","type-page","status-publish"],"yoast_head":"<!-- This site is optimized with the Yoast SEO plugin v24.7 - https:\/\/yoast.com\/wordpress\/plugins\/seo\/ -->\n<title>Inicio - Somos M\u00faltiples<\/title>\n<meta name=\"robots\" content=\"index, follow, max-snippet:-1, max-image-preview:large, max-video-preview:-1\" \/>\n<link rel=\"canonical\" href=\"https:\/\/somosmultiples.es\/\" \/>\n<meta property=\"og:locale\" content=\"es_ES\" \/>\n<meta property=\"og:type\" content=\"article\" \/>\n<meta property=\"og:title\" content=\"Inicio - Somos M\u00faltiples\" \/>\n<meta property=\"og:url\" content=\"https:\/\/somosmultiples.es\/\" \/>\n<meta property=\"og:site_name\" content=\"Somos M\u00faltiples\" \/>\n<meta property=\"article:publisher\" content=\"http:\/\/www.facebook.com\/SomosMultiples\" \/>\n<meta property=\"article:modified_time\" content=\"2024-06-21T13:26:05+00:00\" \/>\n<meta name=\"twitter:card\" content=\"summary_large_image\" \/>\n<meta name=\"twitter:site\" content=\"@somosmultiples\" \/>\n<script type=\"application\/ld+json\" class=\"yoast-schema-graph\">{\"@context\":\"https:\/\/schema.org\",\"@graph\":[{\"@type\":\"Article\",\"@id\":\"https:\/\/somosmultiples.es\/#article\",\"isPartOf\":{\"@id\":\"https:\/\/somosmultiples.es\/\"},\"author\":{\"name\":\"Somos M\u00faltiples\",\"@id\":\"https:\/\/somosmultiples.es\/#\/schema\/person\/0965a29b9cc74bb2ad0b774d05f4238a\"},\"headline\":\"Inicio\",\"datePublished\":\"2024-06-21T13:13:32+00:00\",\"dateModified\":\"2024-06-21T13:26:05+00:00\",\"mainEntityOfPage\":{\"@id\":\"https:\/\/somosmultiples.es\/\"},\"wordCount\":1,\"publisher\":{\"@id\":\"https:\/\/somosmultiples.es\/#organization\"},\"inLanguage\":\"es\"},{\"@type\":\"WebPage\",\"@id\":\"https:\/\/somosmultiples.es\/\",\"url\":\"https:\/\/somosmultiples.es\/\",\"name\":\"Inicio - Somos M\u00faltiples\",\"isPartOf\":{\"@id\":\"https:\/\/somosmultiples.es\/#website\"},\"datePublished\":\"2024-06-21T13:13:32+00:00\",\"dateModified\":\"2024-06-21T13:26:05+00:00\",\"breadcrumb\":{\"@id\":\"https:\/\/somosmultiples.es\/#breadcrumb\"},\"inLanguage\":\"es\",\"potentialAction\":[{\"@type\":\"ReadAction\",\"target\":[\"https:\/\/somosmultiples.es\/\"]}]},{\"@type\":\"BreadcrumbList\",\"@id\":\"https:\/\/somosmultiples.es\/#breadcrumb\",\"itemListElement\":[{\"@type\":\"ListItem\",\"position\":1,\"name\":\"Portada\",\"item\":\"https:\/\/somosmultiples.es\/\"},{\"@type\":\"ListItem\",\"position\":2,\"name\":\"Inicio\"}]},{\"@type\":\"WebSite\",\"@id\":\"https:\/\/somosmultiples.es\/#website\",\"url\":\"https:\/\/somosmultiples.es\/\",\"name\":\"Somos M\u00faltiples\",\"description\":\"El blog sobre gemelos, mellizos, trillizos...y m\u00e1s!\",\"publisher\":{\"@id\":\"https:\/\/somosmultiples.es\/#organization\"},\"potentialAction\":[{\"@type\":\"SearchAction\",\"target\":{\"@type\":\"EntryPoint\",\"urlTemplate\":\"https:\/\/somosmultiples.es\/?s={search_term_string}\"},\"query-input\":{\"@type\":\"PropertyValueSpecification\",\"valueRequired\":true,\"valueName\":\"search_term_string\"}}],\"inLanguage\":\"es\"},{\"@type\":\"Organization\",\"@id\":\"https:\/\/somosmultiples.es\/#organization\",\"name\":\"Somos M\u00faltiples\",\"url\":\"https:\/\/somosmultiples.es\/\",\"logo\":{\"@type\":\"ImageObject\",\"inLanguage\":\"es\",\"@id\":\"https:\/\/somosmultiples.es\/#\/schema\/logo\/image\/\",\"url\":\"https:\/\/i0.wp.com\/somosmultiples.es\/wp-content\/uploads\/2024\/04\/cropped-android-chrome-512x512-2.png?fit=511%2C511&ssl=1\",\"contentUrl\":\"https:\/\/i0.wp.com\/somosmultiples.es\/wp-content\/uploads\/2024\/04\/cropped-android-chrome-512x512-2.png?fit=511%2C511&ssl=1\",\"width\":511,\"height\":511,\"caption\":\"Somos M\u00faltiples\"},\"image\":{\"@id\":\"https:\/\/somosmultiples.es\/#\/schema\/logo\/image\/\"},\"sameAs\":[\"http:\/\/www.facebook.com\/SomosMultiples\",\"https:\/\/x.com\/somosmultiples\",\"http:\/\/www.instagram.com\/SomosMultiples\"]},{\"@type\":\"Person\",\"@id\":\"https:\/\/somosmultiples.es\/#\/schema\/person\/0965a29b9cc74bb2ad0b774d05f4238a\",\"name\":\"Somos M\u00faltiples\",\"image\":{\"@type\":\"ImageObject\",\"inLanguage\":\"es\",\"@id\":\"https:\/\/somosmultiples.es\/#\/schema\/person\/image\/\",\"url\":\"https:\/\/somosmultiples.es\/wp-content\/litespeed\/avatar\/2cbeed7dbc7dcf7b10848a1ca3cfe76e.jpg?ver=1776290220\",\"contentUrl\":\"https:\/\/somosmultiples.es\/wp-content\/litespeed\/avatar\/2cbeed7dbc7dcf7b10848a1ca3cfe76e.jpg?ver=1776290220\",\"caption\":\"Somos M\u00faltiples\"},\"description\":\"Madre de mellizos prematuros que un d\u00eda decidi\u00f3 abrir un blog para compartir su (in)experiencia personal con otras madres. Administradora de Somos M\u00faltiples y de la tienda para gemelos y mellizos Tot A Lot. Prometo hacer todo lo posible para que pas\u00e9is un rato entretenido en mi intento de acercaros al maravilloso mundo de la crianza m\u00faltiple.\",\"sameAs\":[\"http:\/\/somosmultiples.es\"],\"url\":\"https:\/\/somosmultiples.es\/author\/somos-multiples\/\"}]}<\/script>\n<!-- \/ Yoast SEO plugin. -->","yoast_head_json":{"title":"Inicio - Somos M\u00faltiples","robots":{"index":"index","follow":"follow","max-snippet":"max-snippet:-1","max-image-preview":"max-image-preview:large","max-video-preview":"max-video-preview:-1"},"canonical":"https:\/\/somosmultiples.es\/","og_locale":"es_ES","og_type":"article","og_title":"Inicio - Somos M\u00faltiples","og_url":"https:\/\/somosmultiples.es\/","og_site_name":"Somos M\u00faltiples","article_publisher":"http:\/\/www.facebook.com\/SomosMultiples","article_modified_time":"2024-06-21T13:26:05+00:00","twitter_card":"summary_large_image","twitter_site":"@somosmultiples","schema":{"@context":"https:\/\/schema.org","@graph":[{"@type":"Article","@id":"https:\/\/somosmultiples.es\/#article","isPartOf":{"@id":"https:\/\/somosmultiples.es\/"},"author":{"name":"Somos M\u00faltiples","@id":"https:\/\/somosmultiples.es\/#\/schema\/person\/0965a29b9cc74bb2ad0b774d05f4238a"},"headline":"Inicio","datePublished":"2024-06-21T13:13:32+00:00","dateModified":"2024-06-21T13:26:05+00:00","mainEntityOfPage":{"@id":"https:\/\/somosmultiples.es\/"},"wordCount":1,"publisher":{"@id":"https:\/\/somosmultiples.es\/#organization"},"inLanguage":"es"},{"@type":"WebPage","@id":"https:\/\/somosmultiples.es\/","url":"https:\/\/somosmultiples.es\/","name":"Inicio - Somos M\u00faltiples","isPartOf":{"@id":"https:\/\/somosmultiples.es\/#website"},"datePublished":"2024-06-21T13:13:32+00:00","dateModified":"2024-06-21T13:26:05+00:00","breadcrumb":{"@id":"https:\/\/somosmultiples.es\/#breadcrumb"},"inLanguage":"es","potentialAction":[{"@type":"ReadAction","target":["https:\/\/somosmultiples.es\/"]}]},{"@type":"BreadcrumbList","@id":"https:\/\/somosmultiples.es\/#breadcrumb","itemListElement":[{"@type":"ListItem","position":1,"name":"Portada","item":"https:\/\/somosmultiples.es\/"},{"@type":"ListItem","position":2,"name":"Inicio"}]},{"@type":"WebSite","@id":"https:\/\/somosmultiples.es\/#website","url":"https:\/\/somosmultiples.es\/","name":"Somos M\u00faltiples","description":"El blog sobre gemelos, mellizos, trillizos...y m\u00e1s!","publisher":{"@id":"https:\/\/somosmultiples.es\/#organization"},"potentialAction":[{"@type":"SearchAction","target":{"@type":"EntryPoint","urlTemplate":"https:\/\/somosmultiples.es\/?s={search_term_string}"},"query-input":{"@type":"PropertyValueSpecification","valueRequired":true,"valueName":"search_term_string"}}],"inLanguage":"es"},{"@type":"Organization","@id":"https:\/\/somosmultiples.es\/#organization","name":"Somos M\u00faltiples","url":"https:\/\/somosmultiples.es\/","logo":{"@type":"ImageObject","inLanguage":"es","@id":"https:\/\/somosmultiples.es\/#\/schema\/logo\/image\/","url":"https:\/\/i0.wp.com\/somosmultiples.es\/wp-content\/uploads\/2024\/04\/cropped-android-chrome-512x512-2.png?fit=511%2C511&ssl=1","contentUrl":"https:\/\/i0.wp.com\/somosmultiples.es\/wp-content\/uploads\/2024\/04\/cropped-android-chrome-512x512-2.png?fit=511%2C511&ssl=1","width":511,"height":511,"caption":"Somos M\u00faltiples"},"image":{"@id":"https:\/\/somosmultiples.es\/#\/schema\/logo\/image\/"},"sameAs":["http:\/\/www.facebook.com\/SomosMultiples","https:\/\/x.com\/somosmultiples","http:\/\/www.instagram.com\/SomosMultiples"]},{"@type":"Person","@id":"https:\/\/somosmultiples.es\/#\/schema\/person\/0965a29b9cc74bb2ad0b774d05f4238a","name":"Somos M\u00faltiples","image":{"@type":"ImageObject","inLanguage":"es","@id":"https:\/\/somosmultiples.es\/#\/schema\/person\/image\/","url":"https:\/\/somosmultiples.es\/wp-content\/litespeed\/avatar\/2cbeed7dbc7dcf7b10848a1ca3cfe76e.jpg?ver=1776290220","contentUrl":"https:\/\/somosmultiples.es\/wp-content\/litespeed\/avatar\/2cbeed7dbc7dcf7b10848a1ca3cfe76e.jpg?ver=1776290220","caption":"Somos M\u00faltiples"},"description":"Madre de mellizos prematuros que un d\u00eda decidi\u00f3 abrir un blog para compartir su (in)experiencia personal con otras madres. Administradora de Somos M\u00faltiples y de la tienda para gemelos y mellizos Tot A Lot. Prometo hacer todo lo posible para que pas\u00e9is un rato entretenido en mi intento de acercaros al maravilloso mundo de la crianza m\u00faltiple.","sameAs":["http:\/\/somosmultiples.es"],"url":"https:\/\/somosmultiples.es\/author\/somos-multiples\/"}]}},"jetpack_shortlink":"https:\/\/wp.me\/P2MhcP-51W","jetpack_sharing_enabled":true,"_links":{"self":[{"href":"https:\/\/somosmultiples.es\/wp-json\/wp\/v2\/pages\/19340","targetHints":{"allow":["GET"]}}],"collection":[{"href":"https:\/\/somosmultiples.es\/wp-json\/wp\/v2\/pages"}],"about":[{"href":"https:\/\/somosmultiples.es\/wp-json\/wp\/v2\/types\/page"}],"author":[{"embeddable":true,"href":"https:\/\/somosmultiples.es\/wp-json\/wp\/v2\/users\/1"}],"replies":[{"embeddable":true,"href":"https:\/\/somosmultiples.es\/wp-json\/wp\/v2\/comments?post=19340"}],"version-history":[{"count":3,"href":"https:\/\/somosmultiples.es\/wp-json\/wp\/v2\/pages\/19340\/revisions"}],"predecessor-version":[{"id":19350,"href":"https:\/\/somosmultiples.es\/wp-json\/wp\/v2\/pages\/19340\/revisions\/19350"}],"wp:attachment":[{"href":"https:\/\/somosmultiples.es\/wp-json\/wp\/v2\/media?parent=19340"}],"curies":[{"name":"wp","href":"https:\/\/api.w.org\/{rel}","templated":true}]}}